 - 12 = 0, -5*n = -5*g. Suppose -88 = -i - 3*i + n*a, -2*a - 112 = -5*i. What is the units digit of i?
4
Let u = -337 - -2937. What is the units digit of u?
0
Let q = -46 + 55. What is the units digit of -6*(-60)/q + 1 + 0?
1
Suppose 6*h - 3*h = -5*l + 3533, 2326 = 2*h - 4*l. What is the hundreds digit of h?
1
Let d(i) = -i**3 - 3*i**2 + i + 10. Let r = 58 - 65. What is the hundreds digit of d(r)?
1
Let y = 2042 + -920. What is the units digit of y?
2
Let u(f) = f - 4. Let m be u(-6). Let z(o) = 5*o**2 + 8*o - 2. Let a(t) = 6*t**2 + 9*t - 2. Let h(s) = -4*a(s) + 5*z(s). What is the tens digit of h(m)?
5
Suppose -2*y = s - 0 - 1, -5*s = y + 4. Let a(p) = 182*p**3 - p**2. Let d be a(-1). What is the tens digit of y/(-3) + d/(-9)?
2
Suppose -4 + 12 = 4*s. What is the units digit of s*38*(-5)/(-20)?
9
Let h be 2 + 2 - -2 - -1. Let t be 8/(-28) + 16/h. What is the units digit of 6 - (-1)/(t/6)?
9
Let s = -308 + 606. Suppose -5*i + 782 = -s. Suppose -2*z = -2*j - 110, 4*z - 2*j + 0*j - i = 0. What is the units digit of z?
3
Suppose -4*a + 12 = 3*c, c - 4*a = -3*a - 3. Suppose 4*r - 20 = 0, c*o + 4*o - 7 = 5*r. What is the units digit of o?
8
Let l(q) = 16 + 11 - 38 + 25*q. What is the units digit of l(3)?
4
Let g = -1650 - -3158. What is the units digit of g?
8
Let n(h) = 741*h**3 + h**2 - h. Let b be n(1). Suppose -909 = -15*p + b. What is the tens digit of p?
1
What is the tens digit of 0 + (-2 + 3)*74 - 1?
7
Let d = -70 - -166. Let l = 217 - d. What is the units digit of l?
1
Let k(s) = 156*s**2 + 8*s + 3. What is the hundreds digit of k(-2)?
6
Suppose -4*k + 5 = 3*u, 2*k + 2*u = u + 5. Suppose -o - 4*q + 87 = -0*o, k*q = -3*o + 240. What is the tens digit of o?
7
Let z(t) = 3*t**3 + t**2 - 1. Let q be z(1). Suppose 3*f - 3 = q*r, -3*r + f - 5*f + 11 = 0. What is the units digit of (2 - 1) + 2 + r?
4
Let h = 21 + -21. Suppose -22*v + 18*v + 204 = h. Suppose -15 = -6*f + v. What is the units digit of f?
1
Let k be 606/(4/20 + (-8)/(-10)). Suppose 4*i - k = -2*j, -i = -2*j - 11 - 153. What is the tens digit of i?
5
Suppose -120 = -5*q - r, -2*r = 11 - 1. Suppose -84 - 182 = -2*k - 2*b, -q = 5*b. What is the tens digit of k?
3
Let h(m) = m**2 - 7*m - 16. Let w be h(9). Suppose -25 = w*z + 7. What is the tens digit of (-189)/(-12) + (-4)/z?
1
Suppose l + v - 2 + 3 = 0, 3 = -l - 3*v. Suppose l = f - 84 + 6. What is the tens digit of f?
7
Let f be (24/(-20))/((-12)/40) - -1376. Suppose -2*q = 3*q - 5*a - f, -5*q - a + 1380 = 0. What is the units digit of q?
6
Suppose 0 = -3*v + 4*m - 461, 2*m = -2*v - 326 - 0. Let g = v + 277. What is the tens digit of g?
1
Let c be -4 - 4/((-8)/18). Suppose 44 + 31 = c*z. What is the units digit of z?
5
Let f(c) = c**3 + 18*c**2 + 24*c + 44. What is the units digit of f(-13)?
7
Let p be (-2)/9 + 74/9. Suppose z + 3*z - 4*h - 60 = 0, -2*h - 8 = 0. Let o = z - p. What is the units digit of o?
3
Let r = 18 + -46. Let j = r + 46. What is the units digit of 195/j - (-1)/6?
1
Let c(q) = q + 20. Suppose -4*n = 37 + 7. What is the units digit of c(n)?
9
Let v(g) = 32*g**2 - g + 4. Suppose 4*i - 126 + 114 = 0. What is the hundreds digit of v(i)?
2
Let a(o) = -38*o + 4. Let w(n) = n**2 + 5. Let r be w(0). Suppose -r*p = 3*m - 5 + 3, -m = 2*p. What is the tens digit of a(p)?
8
Let c be (6/(-8) - 0)/(4/(-1152)). Let m = c - 42. What is the tens digit of m?
7
Let i(l) = -l**2 - 14*l - 14. Let n be i(-9). Let q = 61 - n. What is the units digit of q?
0
Suppose 4*c - s + 167 = 0, 176 = -4*c + 3*s + s. Let k = c + 54. What is the units digit of k?
3
Let j be 3/(-2) + 78/12. Suppose f + 8 = j*f. Suppose -3*l = -g - 79, -f*g = 3*l - 4*g - 77. What is the units digit of l?
7
Let u = -42 - -70. Suppose i = u - 14. Let l = i + 0. What is the tens digit of l?
1
Let y(s) = s**3 + 8*s**2 - 10*s - 1. Suppose -94 = -3*p - 2*x, -5*p - 3*x + 71 = -3*p. Let f be (-35)/4 - 7/p. What is the units digit of y(f)?
8
Suppose -2*z = 5*f - 2*f - 5, -2*z = 10. Suppose f*k - 107 = 4*k. What is the tens digit of k?
0
Let x = 1177 - -1563. What is the tens digit of x?
4
Let a(v) = v**3 + 5*v**2 - 7*v - 3. Let w be a(-6). Let i(h) be the second derivative of h**5/20 - h**3/6 + h**2 + h. What is the units digit of i(w)?
6
Let w = 461 + -226. What is the hundreds digit of w?
2
Let a(c) = 20*c + 44. Let v = -39 - -49. What is the hundreds digit of a(v)?
2
Suppose -6*p + 160 = -10*p. Let x = 129 + p. What is the units digit of x?
9
Suppose 5*i = 2*z + 15, 0*i - 1 = z + 4*i. Let j(o) = o**2 - 6*o - 8. What is the units digit of j(z)?
7
What is the hundreds digit of -244*(2 + 55/(-10))?
8
Let y(i) = -13*i + 1. Suppose -3*l = -l - 38. Let d = l + -22. What is the units digit of y(d)?
0
Let r = -6 - 17. Let a = -16 - r. Suppose -4*h - a + 25 = -y, 15 = 5*y + h. What is the units digit of y?
2
Suppose 0 = -324*t + 331*t - 20594. What is the units digit of t?
2
Suppose 7*d - 2*d = 0. Suppose 0 = -4*r + 4*s - 48, -78 = 5*r - d*s + s. What is the units digit of (36/r)/((-4)/10)?
6
Suppose -9188 = -26*x + 22*x. What is the thousands digit of x?
2
Suppose 1322 = -367*v + 369*v. What is the tens digit of v?
6
Suppose -5*n + 1075 = 2*v - 561, -n + 314 = -4*v. Suppose -10*x + 224 = -n. What is the units digit of x?
5
Let i(v) = -15*v**3 + v**2 - v - 1. Let b(f) = f**3 - 9*f**2 + f - 10. Suppose 5*n + w - 49 = 0, w - 3 = 1. Let p be b(n). What is the tens digit of i(p)?
1
Let s(q) = -20*q - 79. What is the units digit of s(-4)?
1
Let r(j) = -j**2 + 7*j + 4. Let u be r(4). Suppose -o + u + 12 = 0. Let b = o + -1. What is the units digit of b?
7
Suppose -7*k + 333 = 81. What is the units digit of k?
6
Let j(h) = 64*h - 64. What is the hundreds digit of j(3)?
1
What is the hundreds digit of (-2469)/((-6 - -1) + 7 + -3)?
4
Suppose -5*v = -2*c - 819 - 4718, -v = 2*c - 1117. What is the units digit of v?
9
Let m = 916 + 1560. What is the units digit of m?
6
Suppose 3*b = 2*x + 7519, 74 + 18676 = -5*x - 2*b. What is the tens digit of (-2)/8 + x/(-32)?
1
Let h be 121/44 - (-3)/(-4). Suppose h*f = 0, -4*z = 3*f - 0*f - 52. What is the tens digit of z?
1
Let w(d) = -d**3 + 2*d**2 + d + 64. Suppose 2*o + 0*o = 0. What is the tens digit of w(o)?
6
Suppose -3870 = 3*t - 46*t. What is the tens digit of t?
9
Let z(u) = 64*u**2 + 3*u + 2. Suppose 4*q + 53 = 49. What is the units digit of z(q)?
3
What is the tens digit of (-77)/(-7)*61 + -6?
6
Let s = -22 - 18. What is the units digit of (78/(-5))/(16/s)?
9
Let o be (-4)/(1 + 3)*(-24)/(-3). Let g(p) be the third derivative of p**5/30 + 5*p**4/12 + p**3/6 + 2*p**2. What is the units digit of g(o)?
9
Let w = 51 + 284. What is the hundreds digit of w?
3
Let n be -3 + 3/((-3)/(-11)). Let o(s) = s**2 - 11*s + 3. Let z(r) = 3*r**2 - 34*r + 9. Let m(g) = -7*o(g) + 2*z(g). What is the units digit of m(n)?
5
What is the hundreds digit of 35*2540/110 + 4/(-22)?
8
Let i(k) = k**2 - 8*k - 10. Let t be i(9). Suppose 5*r - 44 = 6. What is the units digit of (-14)/5*r/t?
8
Let l = 103 - 57. Let x = 149 - l. What is the units digit of x?
3
What is the tens digit of (0 - -5) + 556 + -9 + 8?
6
Suppose t = 2*t - 9. Suppose -2*p + 16 = 3*o, -p - t = -4*p + 3*o. Suppose 4*s - 136 = 2*w, s = -s + p*w + 76. What is the tens digit of s?
3
Let k = 10 - 8. Suppose 0 = -2*h + k, -2*h = 3*r - 10 - 37. Let g = r - -20. What is the tens digit of g?
3
Suppose 11*a = 7*a - 5*z + 4735, 4*a - 4736 = -4*z. What is the units digit of a?
5
Let z be (0 - 0)/(3 - 4). Let w = 15 + z. Let u = 29 - w. What is the units digit of u?
4
Let n be 3 - (-48)/(-56)*(-14)/(-4). Suppose -c - y + 126 = n, 4*c + 3*y = -2*y + 502. What is the hundreds digit of c?
1
Let o(s) = s**2 + 3*s + 11. Suppose -3 = -2*h + 3*h. Let i(z) = z**2 + 4*z - 2. Let n be i(h). What is the units digit of o(n)?
1
Let y(d) = -809*d**3 - 15*d**2 - 19*d - 5. What is the hundreds digit of y(-2)?
4
Let i be 1*-1*150/(-6). Suppose -t = -2*o - 47, 0 = 3*t - 3*o - 4 - 122. Let y = t - i. What is the tens digit of y?
1
Suppose o = 4*m - 8, -4*m = -4*o + 1 + 15. Let a be (o - 2)/2 - 0. Suppose -3*v + y = -40, v + 2*y + a - 7 = 0. What is the units digit of v?
2
Let q = 53 + -23. Suppose 4*j = 5*v - 187, -v - 5*j + q - 10 = 0. Suppose -5 = -i, 4*l - 4 - v = 5*i. What is the units digit of l?
6
Suppose -3*p - 1 = -19. What i